 the units digit of 4/(-6) + q/(-6)?
8
Suppose 0 = -4*x - 21 + 81. What is the tens digit of x?
1
Let a = -12 - -15. What is the units digit of a?
3
Let n be (-3*1)/(4 - 5). Suppose 0 = g + n*g. Suppose g = a - 3*a + 16. What is the units digit of a?
8
Suppose 0 = 2*m - 8 + 2. Suppose 0 = 3*k - m*r - 45, -3*r + 57 = 4*k - k. What is the tens digit of k?
1
Suppose 4*w = 3*h - 0*w - 197, 260 = 4*h - 4*w. What is the units digit of h?
3
Suppose -2*k + 22 + 42 = 0. What is the tens digit of k?
3
Suppose -5*g + 5*f + 131 = -269, 0 = 4*g - 2*f - 310. What is the tens digit of g?
7
Let l = 7 - -8. Suppose -2*m = -3*m + l. What is the tens digit of m?
1
Let z(l) = -43*l**3 - 4*l**2 - 4*l + 3. Let q(f) = 43*f**3 + 3*f**2 + 3*f - 2. Let y(h) = 4*q(h) + 3*z(h). What is the units digit of y(1)?
4
Let m(f) = -f**3 + 9*f**2 - 4*f - 8. What is the units digit of m(8)?
4
Suppose -5*z + 45 = -d, z - 4*d + 2 = 11. Let g = z - 0. What is the units digit of g?
9
Let q = -4 + 1. Let t(d) = -3*d + 1. Let w be t(q). Let a = w - 3. What is the units digit of a?
7
Let c = 0 - -4. Suppose -k = -2*t + c, 3*t + 2 = k + 9. What is the units digit of ((-8)/(-6) - k)*-15?
0
Suppose -2*x + 8 = 2*x. Suppose -x = 4*r - 5*r. What is the units digit of r?
2
Suppose 0 = j - 0 - 1. Let q(b) = 9*b**3 - 2*b**2 + 1. What is the units digit of q(j)?
8
Let s be (2 + -3)/(2/(-4)). Suppose 2*z = -3*a + 33, -s*z + 57 = 5*a + 2*z. What is the units digit of a?
9
Let u(s) = -4*s - 2. Let y(p) = -p**3 - 3*p**2 - 2*p. Let i be y(-2). Suppose i*x + 9 = 3*x + 5*t, -3*x - 4*t = -6. What is the units digit of u(x)?
6
Let n(f) = f + 1. Let t be n(-5). Let u = 17 + t. What is the tens digit of u?
1
Let s(w) = -w**3 + 8*w**2 - w + 10. Let v be s(8). Suppose -v*z - z = -6. What is the units digit of z?
2
Let l(x) = -4*x - 6. Let m be l(-6). Suppose 0 = 3*j + 3, 3*n - m = 3*j - 6. Suppose -1 = 2*g - n. What is the units digit of g?
1
Let j(g) = 3*g - 9. Let p be j(7). Suppose -3*o + 12 = -p. What is the units digit of ((-16)/o)/((-1)/5)?
0
Suppose -3*a - o + 1 = -7, -4*o - 4 = 0. Suppose a*c - 25 = -7. What is the units digit of c?
6
Let p(v) = -3*v**2. Let s(i) = 8*i**2 + i. Let d(l) = -11*p(l) - 4*s(l). What is the units digit of d(9)?
5
Let q(g) = -g**3 + 6*g**2 - g - 5. What is the units digit of q(5)?
5
Let s(g) = g**3 - 5*g**2 - 6. Let d be s(5). What is the units digit of (-1)/(-2)*-1*d?
3
Suppose 6 = -d + 2, 3*k = 4*d + 202. What is the units digit of k?
2
Let r be (1/3)/(3/225). Suppose 14*k - 19*k = -r. What is the units digit of k?
5
Let x = 8 + -17. Let b(h) = -h**3 - 10*h**2 - 9*h + 7. Let z be b(x). Let a(q) = q**2 - 7*q + 5. What is the units digit of a(z)?
5
Suppose 256 = 3*r - 20. What is the units digit of r?
2
Suppose -4*u = l - 149, 3*u + 40 = 5*l + 146. Let g be (-21 - 0) + 1 + -2. Let j = g + u. What is the tens digit of j?
1
Let h(p) = 7*p - 5. Let g(m) = -8*m + 6. Let a(c) = 4*g(c) + 5*h(c). What is the units digit of a(1)?
2
Let x(o) = o**3 + 3*o**2 - 3*o + 3. Let q be x(-4). What is the units digit of (-88)/(-10) - q/5?
9
Let j be (3 - 3) + 60 + -1. Suppose 4*t - 3 = -5*a + j, a + 2*t - 10 = 0. What is the tens digit of a?
1
Let s(r) = -2*r**3 - 7*r**2 - r - 12. What is the units digit of s(-6)?
4
Let a be ((-36)/(-30))/(1/5). Suppose 0 = -3*t + a*t - 15. Suppose 5*u = 4*h - 3, -4*u = t*h - h - 48. What is the units digit of h?
7
Let p(b) = 4*b**2 + 6. What is the units digit of p(3)?
2
Suppose 7 = 4*t + 3. What is the units digit of t?
1
Let x(n) be the first derivative of 3*n**3 - n + 1. Suppose 1 + 2 = 3*g. What is the units digit of x(g)?
8
Let v(l) = -l**3 - 9*l**2 - 8*l - 1. Let k be v(-8). What is the tens digit of k*(3 - 6)*11?
3
What is the tens digit of 309/((-42)/(-12)*3/14)?
1
Let m(k) = -k**2 - 5*k - 2. Let f be m(-5). Let g be f + (-2 - -3) + 19. Let w = 25 - g. What is the units digit of w?
7
Suppose 3*v - 9 - 6 = 0. Suppose 0 = v*n - 15 - 5. Suppose 3*m = 5*p - 65, 23 - 75 = -n*p - 5*m. What is the tens digit of p?
1
Let k(s) = s**3 - 6*s**2 - 2*s - 10. Let h be k(7). Suppose -3*m - h = -8*m. Suppose 61 = 3*d - 4*f, 0*d + 4*f = m*d - 91. What is the units digit of d?
5
Suppose 0 = s + 2 - 6. Suppose -3*o + 7*k + 3 = 3*k, 0 = -o + 3*k - s. What is the units digit of o?
5
What is the tens digit of (-6)/(-12)*(-26)/(-1)?
1
Let g be (-26)/(-10) + (-2)/(-5). Suppose -g*f + 0*f = -30. What is the tens digit of f?
1
Let k = 5 + -5. Suppose d = -k*d + 10. What is the tens digit of d?
1
Let b(d) = d**2 + d + 12. What is the tens digit of b(-7)?
5
Suppose 0*x = 4*x - 280. What is the units digit of x?
0
Suppose 5*b + 50 = -5*w + 150, -5*b = 2*w - 88. What is the tens digit of b?
1
What is the units digit of (-2)/8 - 10/(-8)?
1
Let a(t) = 2*t**2 - 4*t - 12. What is the tens digit of a(-5)?
5
Suppose 8*l - 228 = 6*l. What is the units digit of l?
4
Let j be (-44)/6*(-6)/(-4). Let l = j + 16. Suppose l*v - 79 = -3*h, 0*v - 3*h + 11 = v. What is the tens digit of v?
1
Suppose -i - 5 = -1. What is the units digit of 43/5 - i/10?
9
Suppose -2*i + i - c - 53 = 0, -i + c = 55. Let r be (20/6)/(4/i). What is the units digit of (4/6)/((-6)/r)?
5
Suppose -3*t = 2 - 11. Let v(d) = d**2 - 4*d - 4. Let f be v(6). Suppose -r - 5*h - f = 0, -3*h = -t*r - r + 14. What is the units digit of r?
2
Let f = -13 + 16. Suppose 4*l - f = 33. What is the units digit of l?
9
Suppose 2 = -0*d - 2*d. Let x(s) = 3*s**2 + 2*s + 1. What is the units digit of x(d)?
2
Suppose -3*l - 4*k + 337 = 0, 3*l - 4*l + 5*k = -87. What is the tens digit of l?
0
Let p(f) = -f**2 - 9*f + 7. Let d be (7 - 9)/((-2)/(-9)). Let t be p(d). Suppose t = 2*w - 7. What is the units digit of w?
7
Let o = -1 - -3. Let p = o + -2. Suppose -3*v = -2*h - 9, 2*v = -p*h - 5*h - 13. What is the units digit of v?
1
What is the units digit of 6/(-1)*(-2 + -5)?
2
Suppose 3*h - 3 = 3. What is the units digit of 1/(1 + -2 + h)?
1
Let d(a) = a**3 - 2*a**2 - 2*a + 2. Let s be d(3). What is the units digit of (-2)/s + (-34)/(-10)?
3
Suppose -x = 2*j - 118, -3*j + 0*x + 177 = 3*x. What is the tens digit of j?
5
Suppose 5*j = 20 - 5. Let x(h) = h**3 + 2. Let o be x(j). Let y = o - 21. What is the units digit of y?
8
Let s(i) = i + 1. Let d be s(-4). Let a(p) = -2*p. Let m be a(d). What is the units digit of (3/(m/20))/2?
5
Let u be (1 - (-2)/8)*4. Let w(p) = 3*p + 3. Let b be w(3). Suppose -3*y + u*y = b. What is the units digit of y?
6
Let a = 1 - -9. What is the units digit of a/25 - 116/(-10)?
2
Suppose -3*d - 2*a + 950 = 0, 2*a = -0*a + 2. What is the tens digit of d?
1
What is the tens digit of (-12)/18 + 92/3?
3
Let b(z) be the third derivative of 2*z**2 + 0 + 1/6*z**3 + 0*z + 5/24*z**4 + 1/60*z**5. What is the units digit of b(-5)?
1
Let r(y) = -y - 2. Let o be (3 + -2)/(2/(-4)). Let b(l) = l**3 - l**2 - 4*l - 3. Let w be b(o). What is the units digit of r(w)?
5
Let r = 3 + 6. Suppose 27 = 2*h - r. What is the tens digit of h?
1
What is the units digit of (4*3)/(4/6)?
8
Let n be (-1)/(-2) - (-11)/2. Let d = -4 + n. Suppose -6*u + 44 = -d*u. What is the units digit of u?
1
Let y be ((-6)/7)/((-2)/14). Let i = -2 + y. Suppose 5*g = -s - 4 - i, 5*g = 3*s - 56. What is the units digit of s?
2
What is the tens digit of (-1)/(-5) + 94/5?
1
Let h = -59 - -100. Let u = h + -18. What is the tens digit of u?
2
Let b(x) be the third derivative of x**6/120 + x**5/30 - x**4/8 + x**3/2 + 3*x**2. Let y be b(-3). What is the units digit of 2/(-6)*(y + -6)?
1
Suppose -7*m + 2*q = -2*m - 12, -q = 2*m - 3. Suppose 3*x + m*o - 19 = 3*o, 2*o + 17 = 3*x. What is the units digit of x?
7
Suppose -m - 3*t + 26 = 0, 3*t + 3 = -0*t. What is the tens digit of m?
2
Let g = -36 + 48. What is the units digit of g?
2
Suppose -2*r + 0*w = 5*w - 131, -395 = -5*r + w. What is the units digit of r?
8
Let a(x) = -x**3 - 5*x**2 - 7*x - 4. Let i be a(-4). Suppose i = -m + 5*m. What is the tens digit of (-4)/m - 19/(-1)?
1
Let r = -1 - -5. Let z(p) = p**3 - 5*p**2 - 2*p - 4. Let g be z(r). What is the units digit of g/(-16) + 2/8?
2
Suppose 3*t - 81 = 192. Let j = -39 + t. What is the units digit of j?
2
Let i(r) = -r**2 - 8*r - 3. Let x be i(-7). Let g be (-99)/(-15) + x/10. Suppose z + g*u - 2*u = -16, 0 = -2*z + 3*u + 20. What is the units digit of z?
4
Let d = 10 + 